f 3359237489?
5791, 580079
What are the prime factors of 1672323001?
4219, 396379
List the prime factors of 1387446079.
659, 2105381
What are the prime factors of 254016058?
2, 127008029
What are the prime factors of 82167664?
2, 17, 269, 1123
What are the prime factors of 764144915?
5, 152828983
List the prime factors of 164791319.
7, 11, 17, 31, 131
List the prime factors of 465205485.
3, 5, 229, 135431
What are the prime factors of 21301211?
43, 495377
What are the prime factors of 529537668?
2, 3, 11, 4011649
What are the prime factors of 1157982550?
2, 5, 19, 337, 3617
List the prime factors of 32124797.
79, 151, 2693
What are the prime factors of 5358446379?
3, 11, 13, 31, 14923
List the prime factors of 1920632254.
2, 10711, 89657
What are the prime factors of 1066567129?
1066567129
What are the prime factors of 16648382?
2, 8324191
List the prime factors of 85891606.
2, 197, 277, 787
What are the prime factors of 37739836?
2, 1549, 6091
What are the prime factors of 22741942?
2, 11370971
List the prime factors of 73781548.
2, 547, 33721
List the prime factors of 24643205.
5, 193, 25537
What are the prime factors of 236217302?
2, 118108651
List the prime factors of 777437636.
2, 37, 5252957
List the prime factors of 24295739.
13, 41, 79, 577
What are the prime factors of 45685683?
3, 107, 47441
List the prime factors of 2055686592.
2, 3, 10706701
List the prime factors of 113125148.
2, 4357, 6491
What are the prime factors of 121321617?
3, 47, 313, 2749
What are the prime factors of 5175100341?
3, 13537, 14159
List the prime factors of 42808850.
2, 5, 7, 101, 173
List the prime factors of 194051178.
2, 3, 83, 129887
What are the prime factors of 163771867?
7, 477469
List the prime factors of 275278632.
2, 3, 3203, 3581
List the prime factors of 70436419.
23, 37, 2237
What are the prime factors of 55444723?
29, 1911887
What are the prime factors of 849580878?
2, 3, 141596813
What are the prime factors of 880413914?
2, 440206957
List the prime factors of 355439649.
3, 37, 149, 21491
List the prime factors of 3900566217.
3, 53, 24531863
List the prime factors of 90678738.
2, 3, 67, 225569
List the prime factors of 4321502177.
19, 23, 907, 10903
What are the prime factors of 3878151693?
3, 13, 19, 23, 313, 727
List the prime factors of 46169046.
2, 3, 7, 11, 33311
List the prime factors of 260210626.
2, 13, 10008101
List the prime factors of 75575123.
13, 43, 135197
What are the prime factors of 1129347638?
2, 17, 29, 53, 21611
What are the prime factors of 38000517?
3, 37, 342347
List the prime factors of 1358438357.
12043, 112799
What are the prime factors of 493605814?
2, 13, 83, 228733
List the prime factors of 621288570.
2, 3, 5, 7, 1319, 2243
List the prime factors of 812673741.
3, 11, 73, 337349
List the prime factors of 286040009.
1361, 210169
List the prime factors of 1828672848.
2, 3, 1411013
List the prime factors of 78544134.
2, 3, 1454521
What are the prime factors of 585954282?
2, 3, 1747, 55901
What are the prime factors of 24021073?
19, 1264267
What are the prime factors of 621471813?
3, 233, 889087
What are the prime factors of 69291866?
2, 7, 4949419
What are the prime factors of 24815573?
24815573
What are the prime factors of 42643304?
2, 11, 44053
List the prime factors of 2675970343.
3889, 688087
List the prime factors of 295239.
3, 7, 17, 827
What are the prime factors of 295948255?
5, 59189651
List the prime factors of 521771489.
89, 5862601
List the prime factors of 83466100.
2, 5, 317, 2633
What are the prime factors of 9082866?
2, 3, 13, 116447
What are the prime factors of 1212322333?
1212322333
List the prime factors of 2423727.
3, 71, 3793
List the prime factors of 527361949.
47, 11220467
What are the prime factors of 146126647?
146126647
List the prime factors of 29044270.
2, 5, 2904427
What are the prime factors of 4837516898?
2, 1861, 1299709
What are the prime factors of 101087746?
2, 17, 1171, 2539
List the prime factors of 42480526.
2, 11, 947, 2039
What are the prime factors of 28164937?
17, 1656761
What are the prime factors of 1454466608?
2, 7, 1855187
List the prime factors of 287095637.
23, 12482419
List the prime factors of 50348004.
2, 3, 7, 59, 10159
What are the prime factors of 73310745?
3, 5, 59, 82837
What are the prime factors of 10804324?
2, 479, 5639
List the prime factors of 188876227.
389, 485543
What are the prime factors of 121556874?
2, 3, 59, 343381
List the prime factors of 651854210.
2, 5, 7, 577, 16139
What are the prime factors of 554956489?
23, 24128543
What are the prime factors of 673779544?
2, 31, 2716853
What are the prime factors of 2184725460?
2, 3, 5, 36412091
List the prime factors of 1656918258.
2, 3, 276153043
What are the prime factors of 1082496214?
2, 541248107
What are the prime factors of 276934649?
1019, 271771
List the prime factors of 1199175949.
83, 14447903
List the prime factors of 127519372.
2, 31879843
List the prime factors of 217560078.
2, 3, 191, 63281
What are the prime factors of 161310112?
2, 31, 162611
List the prime factors of 1824202776.
2, 3, 11, 29, 21661
What are the prime factors of 46073803?
19, 2424937
What are the prime factors of 716744048?
2, 29, 139, 11113
What are the prime factors of 4875127845?
3, 5, 7, 1049, 6323
List the prime factors of 386669445.
3, 5, 23, 1120781
What are the prime factors of 25224581?
1277, 19753
List the prime factors of 3250215490.
2, 5, 325021549
List the prime factors of 459625531.
83, 5537657
List the prime factors of 873669.
3, 41, 7103
List the prime factors of 97406847.
3, 197, 18313
List the prime factors of 166232033.
11, 15112003
List the prime factors of 233506901.
233506901
List the prime factors of 90107129.
7, 37529
What are the prime factors of 902151073?
347, 2599859
List the prime factors of 97950859.
23, 4258733
What are the prime factors of 1554109673?
601, 1291, 2003
What are the prime factors of 2086033223?
113, 163367
What are the prime factors of 155448074?
2, 31, 2507227
What are the prime factors of 310116?
2, 3, 43, 601
What are the prime factors of 21525772?
2, 29, 185567
List the prime factors of 36864345.
3, 5, 7, 109, 3221
List the prime factors of 80896894.
2, 13, 3111419
What are the prime factors of 93144469?
11, 769789
What are the prime factors of 105311235?
3, 5, 7020749
List the prime factors of 188096823.
3, 17, 45533
What are the prime factors of 279707287?
279707287
List the prime factors of 76776773.
71, 443, 2441
List the prime factors of 51156843.
3, 17052281
What are the prime factors of 1204323809?
13, 17, 5449429
List the prime factors of 402629478.
2, 3, 67104913
List the prime factors of 4480799463.
3, 7, 17, 597679
List the prime factors of 329103879.
3, 13, 233, 36217
What are the prime factors of 242661079?
242661079
List the prime factors of 588680264.
2, 47, 263, 5953
List the prime factors of 177386264.
2, 11, 2015753
List the prime factors of 51875261.
173, 299857
List the prime factors of 291286976.
2, 17, 267727
List the prime factors of 4612351.
23, 8719
What are the prime factors of 19370509?
19370509
What are the prime factors of 53674596?
2, 3, 163, 3049
List the prime factors of 249292974.
2, 3, 7, 397, 14951
List the prime factors of 8442234995.
5, 61, 229, 120871
List the prime factors of 92435762.
2, 97, 227, 2099
What are the prime factors of 520885892?
2, 5581, 23333
List the prime factors of 649168.
2, 13, 3121
List the prime factors of 945722791.
13, 72747907
List the prime factors of 75140253.
3, 137, 149, 409
What are the prime factors of 5330533030?
2, 5, 19, 71, 395147
What are the prime factors of 492819088?
2, 257, 119849
What are the prime factors of 106039283?
7, 29, 74623
What are the prime factors of 62139400?
2, 5, 310697
What are the prime factors of 488739?
3, 101, 1613
List the prime factors of 34572662.
2, 17, 1016843
List the prime factors of 54944904.
2, 3, 7, 251, 1303
List the prime factors of 1440195450.
2, 3, 5, 9601303
What are the prime factors of 37530868?
2, 9382717
List the prime factors of 4450737549.
3, 31, 47857393
List the prime factors of 189324230.
2, 5, 18932423
List the prime factors of 61826148.
2, 3, 1717393
What are the prime factors of 47823114?
2, 3, 19, 22079
What are the prime factors of 12515277?
3